e prime factors of 47440.
2, 5, 593
What are the prime factors of 9747?
3, 19
What are the prime factors of 300?
2, 3, 5
What are the prime factors of 590?
2, 5, 59
What are the prime factors of 2500?
2, 5
What are the prime factors of 22244?
2, 67, 83
List the prime factors of 3735.
3, 5, 83
List the prime factors of 713.
23, 31
List the prime factors of 2658.
2, 3, 443
What are the prime factors of 15537?
3, 5179
List the prime factors of 2660.
2, 5, 7, 19
What are the prime factors of 5436?
2, 3, 151
What are the prime factors of 5621?
7, 11, 73
What are the prime factors of 122803?
37, 3319
List the prime factors of 181.
181
What are the prime factors of 5962?
2, 11, 271
What are the prime factors of 14753?
14753
List the prime factors of 771.
3, 257
What are the prime factors of 1213?
1213
List the prime factors of 3539.
3539
What are the prime factors of 2062?
2, 1031
List the prime factors of 35589.
3, 11863
List the prime factors of 1467.
3, 163
What are the prime factors of 15572?
2, 17, 229
List the prime factors of 5555.
5, 11, 101
List the prime factors of 13021.
29, 449
List the prime factors of 9093.
3, 7, 433
What are the prime factors of 4207?
7, 601
What are the prime factors of 2336?
2, 73
List the prime factors of 53533.
17, 47, 67
List the prime factors of 5928.
2, 3, 13, 19
What are the prime factors of 68129?
193, 353
List the prime factors of 16177.
7, 2311
What are the prime factors of 41540?
2, 5, 31, 67
What are the prime factors of 587?
587
What are the prime factors of 13319?
19, 701
What are the prime factors of 115317?
3, 4271
What are the prime factors of 3350?
2, 5, 67
List the prime factors of 27117.
3, 23, 131
What are the prime factors of 748?
2, 11, 17
What are the prime factors of 1137?
3, 379
List the prime factors of 4369.
17, 257
List the prime factors of 1091.
1091
List the prime factors of 32420.
2, 5, 1621
List the prime factors of 18058.
2, 9029
What are the prime factors of 608?
2, 19
What are the prime factors of 6736?
2, 421
What are the prime factors of 90025?
5, 13, 277
List the prime factors of 12300.
2, 3, 5, 41
What are the prime factors of 667?
23, 29
What are the prime factors of 396?
2, 3, 11
List the prime factors of 13339.
13339
List the prime factors of 15222.
2, 3, 43, 59
List the prime factors of 2323.
23, 101
List the prime factors of 2658.
2, 3, 443
What are the prime factors of 8471?
43, 197
List the prime factors of 8021.
13, 617
What are the prime factors of 83328?
2, 3, 7, 31
List the prime factors of 157113.
3, 11, 23
What are the prime factors of 12964?
2, 7, 463
List the prime factors of 14085.
3, 5, 313
What are the prime factors of 1373?
1373
List the prime factors of 27632.
2, 11, 157
List the prime factors of 68328.
2, 3, 13, 73
List the prime factors of 18985.
5, 3797
What are the prime factors of 1003?
17, 59
What are the prime factors of 157?
157
List the prime factors of 2421.
3, 269
List the prime factors of 20424.
2, 3, 23, 37
What are the prime factors of 8868?
2, 3, 739
List the prime factors of 1508.
2, 13, 29
List the prime factors of 2402.
2, 1201
List the prime factors of 14263.
17, 839
What are the prime factors of 691?
691
What are the prime factors of 3190?
2, 5, 11, 29
List the prime factors of 244.
2, 61
List the prime factors of 363.
3, 11
What are the prime factors of 26506?
2, 29, 457
What are the prime factors of 1879?
1879
What are the prime factors of 9772?
2, 7, 349
List the prime factors of 5098.
2, 2549
What are the prime factors of 7726?
2, 3863
List the prime factors of 21142.
2, 11, 31
List the prime factors of 3321.
3, 41
What are the prime factors of 56896?
2, 7, 127
List the prime factors of 9430.
2, 5, 23, 41
What are the prime factors of 36624?
2, 3, 7, 109
List the prime factors of 3564.
2, 3, 11
List the prime factors of 1768.
2, 13, 17
List the prime factors of 1474.
2, 11, 67
List the prime factors of 10238.
2, 5119
What are the prime factors of 760?
2, 5, 19
What are the prime factors of 4980?
2, 3, 5, 83
List the prime factors of 770.
2, 5, 7, 11
List the prime factors of 57994.
2, 107, 271
List the prime factors of 61242.
2, 3, 59, 173
What are the prime factors of 683?
683
List the prime factors of 733.
733
What are the prime factors of 1033?
1033
What are the prime factors of 2557?
2557
What are the prime factors of 141766?
2, 73, 971
What are the prime factors of 20398?
2, 7, 31, 47
What are the prime factors of 138666?
2, 3, 11, 191
List the prime factors of 3229.
3229
List the prime factors of 43939.
7, 6277
List the prime factors of 3552.
2, 3, 37
List the prime factors of 5577.
3, 11, 13
List the prime factors of 37836.
2, 3, 1051
What are the prime factors of 1488?
2, 3, 31
List the prime factors of 16165.
5, 53, 61
What are the prime factors of 1740?
2, 3, 5, 29
List the prime factors of 7727.
7727
What are the prime factors of 58272?
2, 3, 607
What are the prime factors of 17356?
2, 4339
What are the prime factors of 7450?
2, 5, 149
What are the prime factors of 67916?
2, 16979
List the prime factors of 20263.
23, 881
List the prime factors of 97729.
97729
List the prime factors of 109675.
5, 41, 107
List the prime factors of 97.
97
List the prime factors of 2744.
2, 7
List the prime factors of 2538.
2, 3, 47
What are the prime factors of 18923?
127, 149
What are the prime factors of 1809?
3, 67
What are the prime factors of 1039?
1039
List the prime factors of 3041.
3041
List the prime factors of 797.
797
What are the prime factors of 29792?
2, 7, 19
What are the prime factors of 144?
2, 3
What are the prime factors of 6896?
2, 431
What are the prime factors of 994?
2, 7, 71
What are the prime factors of 78006?
2, 3, 13001
What are the prime factors of 1768?
2, 13, 17
List the prime factors of 17140.
2, 5, 857
List the prime factors of 33501.
3, 13, 859
What are the prime factors of 11995?
5, 2399
What are the prime factors of 37935?
3, 5, 281
List the prime factors of 3207.
3, 1069
What are the prime factors of 70588?
2, 7, 2521
What are the prime factors of 74503?
11, 13, 521
What are the prime factors of 3356?
2, 839
What are the prime factors of 458?
2, 229
What are the prime factors of 1427?
1427
What are the prime factors of 1096?
2, 137
What are the prime factors of 10458?
2, 3, 7, 83
List the prime factors of 6530.
2, 5, 653
List the prime factors of 1969.
11, 179
List the prime factors of 2666.
2, 31, 43
List the prime factors of 2716.
2, 7, 97
List the prime factors of 27.
3
List the prime factors of 11203.
17, 659
List the prime factors of 2002.
2, 7, 11, 13
What are the prime factors of 1898?
2, 13, 73
What are the prime factors of 957?
3, 11, 29
What are the prime factors of 1749?
3, 11, 53
List the prime factors of 37994.
2, 11, 157
What are the prime factors of 1693?
1693
What are the prime factors of 902?
2, 11, 41
List the prime factors of 14630.
2, 5, 7, 11, 19
What are the prime factors of 3000?
2, 3, 5
What are the prime factors of 7287?
3, 7, 347
What are the prime factors of 1733?
1733
List the prime factors of 937.
937
What are the prime factors of 2773?
47, 59
List the prime factors of 1078.
2, 7, 11
List the prime factors of 1108.
2, 277
List the prime factors of 435.
3, 5, 29
What are the prime factors of 254?
2, 127
List the prime factors of 1149.
3, 383
List the prime factors of 4052.
2, 1013
What are the prime factors of 49670?
2, 5, 4967
List the prime factors of 9349.
9349
What are the prime factors of 5392?
2, 337
What are the prime factors of 4793?
4793
List the prime factors of 153.
3, 17
What are the prime factors of 7233?
3, 2411
What are the prime factors of 341?
11, 31
List the prime factors of 83784.
2, 3, 3491
List the prime factors of 1014.
2, 3, 13
List the prime factors of 23563.
23563
List the prime factors of 7277.
19, 383
List the prime factors of 1670.
2, 5, 167
What are the prime factors of 1406?
2, 19, 37
What are the prime factors of 1277?
1277
List the prime factors of 2239.
2239
What are the prime factors of 5028?
2, 3, 419
What are the prime factors of 502?
2, 251
List the prime factors of 18288.
2, 3, 127
What are the prime factors of 8867?
8867
What are the prime factors of 4858?
2, 7, 347
List the prime factors of 3961.
17, 233
List the prime factors of 1112.
2